 of 55541960 and 13920?
1160
What is the greatest common divisor of 1156 and 5193296?
68
Calculate the greatest common factor of 86311 and 25.
1
What is the highest common divisor of 3849860 and 2140?
2140
Calculate the highest common divisor of 58105376 and 2352.
784
What is the greatest common divisor of 14240975 and 8566?
4283
What is the highest common divisor of 239276 and 1640?
164
What is the greatest common divisor of 2092376 and 20460?
1364
What is the highest common divisor of 12 and 14078140?
4
Calculate the greatest common factor of 5101030 and 1711930.
8690
Calculate the highest common factor of 143533197 and 9.
9
What is the greatest common factor of 1531278 and 2565?
27
What is the greatest common factor of 186333 and 16359?
399
Calculate the greatest common divisor of 65646 and 966798.
126
Calculate the greatest common divisor of 4428 and 14607.
27
What is the greatest common divisor of 460518 and 177?
3
What is the highest common factor of 5858008 and 1116?
124
Calculate the highest common divisor of 10125 and 3204750.
375
Calculate the highest common divisor of 69055037 and 942.
157
Calculate the greatest common factor of 45562 and 9724.
22
Calculate the greatest common divisor of 7 and 283271233.
7
What is the greatest common factor of 136317798 and 34?
34
Calculate the highest common factor of 142346 and 8240.
206
What is the highest common divisor of 6286280 and 180236?
4396
Calculate the greatest common divisor of 30287192 and 9676.
164
What is the highest common factor of 22996 and 97922717?
5749
Calculate the highest common divisor of 2069744 and 126589.
277
What is the greatest common factor of 158101372 and 88?
44
Calculate the greatest common factor of 1044 and 3568044.
348
Calculate the highest common divisor of 324 and 13530672.
108
What is the greatest common factor of 57551805 and 26100?
1305
Calculate the highest common factor of 56614062 and 2010.
402
Calculate the greatest common divisor of 6766 and 23983480.
398
Calculate the highest common divisor of 88678 and 7707962.
878
What is the highest common factor of 104784644 and 19900?
796
Calculate the greatest common factor of 121592 and 6872.
8
What is the highest common divisor of 7868064 and 432?
48
Calculate the greatest common factor of 97257 and 106284.
51
What is the highest common factor of 1361364 and 502332?
492
Calculate the highest common divisor of 249 and 167494083.
249
What is the highest common divisor of 800791 and 7528?
941
Calculate the highest common factor of 7380648 and 594.
198
What is the greatest common divisor of 7798 and 211921790?
1114
What is the greatest common factor of 30852 and 449446794?
5142
Calculate the greatest common factor of 9244428 and 1557.
519
What is the greatest common divisor of 59015 and 48191330?
1595
Calculate the greatest common divisor of 279591 and 22037613.
4173
What is the greatest common factor of 43164 and 8989884?
3924
What is the greatest common divisor of 54353 and 11300?
113
Calculate the greatest common divisor of 755195 and 175.
35
What is the highest common factor of 8875 and 724271?
71
Calculate the highest common factor of 1320246 and 2484.
1242
What is the highest common divisor of 153218 and 6547762?
1846
Calculate the greatest common factor of 17666 and 2580930.
242
Calculate the highest common factor of 623 and 278717740.
623
What is the greatest common divisor of 1238 and 90422282?
1238
Calculate the greatest common divisor of 138093 and 8214003.
723
What is the highest common divisor of 536 and 5355980?
268
What is the greatest common factor of 8414 and 150262?
14
What is the highest common divisor of 5810 and 458220?
70
Calculate the greatest common factor of 5005 and 69558335.
385
Calculate the greatest common divisor of 22825875 and 195.
15
Calculate the greatest common divisor of 224270344 and 8.
8
Calculate the greatest common factor of 48800 and 38560.
160
Calculate the greatest common divisor of 2145789 and 10323.
279
What is the highest common divisor of 3705434 and 120160?
1502
Calculate the highest common factor of 70 and 20796660.
10
What is the highest common factor of 696 and 129688?
232
Calculate the highest common factor of 20431331 and 1853.
17
Calculate the highest common factor of 54578898 and 10.
2
What is the highest common divisor of 323709 and 162?
3
What is the highest common factor of 239675 and 28235?
5
Calculate the highest common factor of 1770189 and 87.
87
What is the greatest common divisor of 2104742 and 15386?
314
What is the highest common divisor of 21907768 and 24?
8
What is the highest common divisor of 99 and 1684926?
9
What is the highest common factor of 469 and 7249802?
469
What is the highest common divisor of 366523 and 196?
1
What is the greatest common divisor of 23439654 and 4617?
171
Calculate the greatest common factor of 4773235575 and 1425.
1425
What is the highest common divisor of 3942 and 76358?
146
What is the greatest common divisor of 173 and 135400699?
173
Calculate the greatest common factor of 7650 and 4887450.
450
What is the highest common factor of 88 and 128314?
2
Calculate the greatest common factor of 7 and 59529946.
7
Calculate the greatest common factor of 14510 and 12221773.
1451
What is the greatest common divisor of 4024 and 3962131?
503
Calculate the greatest common divisor of 132 and 65603978.
22
What is the greatest common divisor of 3183538 and 195506?
2918
Calculate the highest common divisor of 26787079 and 44.
11
Calculate the greatest common factor of 3183750 and 116030.
2830
What is the greatest common divisor of 160 and 508040?
40
What is the highest common divisor of 410 and 346300186?
82
What is the highest common divisor of 645408 and 927?
9
Calculate the highest common divisor of 12662954 and 2.
2
What is the greatest common divisor of 44436 and 1420006?
14
What is the greatest common factor of 24 and 10424208?
24
Calculate the highest common factor of 5672 and 36656.
8
Calculate the greatest common factor of 1102 and 65398.
38
Calculate the highest common factor of 12772810 and 3650.
730
Calculate the greatest common factor of 121 and 40332083.
121
Calculate the highest common factor of 2816 and 62618624.
256
What is the highest common factor of 742050 and 8633?
97
What is the greatest common divisor of 12856890 and 480?
30
What is the highest common divisor of 5142 and 45273?
3
Calculate the highest common divisor of 1417 and 194378392.
1417
Calculate the highest common divisor of 1496 and 154990.
22
Calculate the highest common divisor of 3692 and 328978.
26
What is the highest common divisor of 24538230 and 5640?
1410
What is the greatest common factor of 56 and 97761524?
28
What is the highest common divisor of 350237850 and 75?
75
What is the highest common divisor of 7077 and 281287497?
1011
What is the highest common divisor of 85261356 and 27?
27
What is the highest common factor of 8167383 and 126?
63
What is the highest common divisor of 954528 and 8240?
16
What is the greatest common divisor of 19440 and 4350915?
1215
Calculate the greatest common factor of 15 and 2076353655.
15
What is the greatest common factor of 382954006 and 178?
178
Calculate the greatest common divisor of 80225610 and 1380.
690
Calculate the greatest common divisor of 434975679 and 9.
9
What is the greatest common factor of 1182612924 and 279?
279
What is the greatest common divisor of 261696 and 2001?
87
Calculate the greatest common factor of 1695310475 and 6275.
6275
What is the highest common factor of 854 and 66441688?
122
What is the greatest common divisor of 1897 and 13286?
7
Calculate the highest common divisor of 159956984 and 16824.
5608
Calculate the highest common factor of 2750 and 25609430.
110
What is the greatest common factor of 3300 and 15100?
100
What is the greatest common divisor of 512 and 63727648?
32
What is the greatest common divisor of 9148707 and 288?
9
What is the highest common factor of 3623074 and 476?
238
What is the greatest common factor of 1503922984 and 2776?
2776
What is the highest common divisor of 1375 and 7338925?
275
Calculate the highest common divisor of 10874868 and 41775.
1671
Calculate the greatest common factor of 705 and 12830655.
15
What is the highest common divisor o